{"id":356,"date":"2020-05-14T22:16:44","date_gmt":"2020-05-15T01:16:44","guid":{"rendered":"https:\/\/cgceducacao.com.br\/?page_id=356"},"modified":"2022-05-12T16:31:35","modified_gmt":"2022-05-12T19:31:35","slug":"boas-pautas","status":"publish","type":"page","link":"https:\/\/cgceducacao.com.br\/index.php\/boas-pautas\/","title":{"rendered":"BOAS PAUTAS"},"content":{"rendered":"<h2>BOAS PAUTAS<\/h2>\n<p><\/p>\n<p>Temas instigantes, habilitados e adicionados para adicionar ou inspirar a sua reportagem sobre educa\u00e7\u00e3o. \u00c9 isso o que voc\u00ea, jornalista, encontra aqui.<\/p>\n<p>Catalogamos e classificamos essas sugest\u00f5es de pauta, a partir de mat\u00e9rias produzidas pela equipe CGC. As datas de divulga\u00e7\u00e3o importam menos do que representam esses assuntos para quem quer trabalhar um conte\u00fado de qualidade.<\/p>\n<article data-id=\"10847\">\n            <a href=\"https:\/\/cgceducacao.com.br\/index.php\/2022\/05\/09\/acao-afirmativa-de-colegio-busca-reduzir-os-estragos-causados-pela-pandemia\/\"><\/a><br \/>\n                                <img decoding=\"async\" width=\"300\" height=\"154\" src=\"https:\/\/cgceducacao.com.br\/wp-content\/uploads\/2022\/05\/baixados-4-300x154.jpg\" alt=\"\" loading=\"lazy\" srcset=\"https:\/\/i0.wp.com\/cgceducacao.com.br\/wp-content\/uploads\/2022\/05\/baixados-4.jpg?resize=300%2C154&amp;ssl=1 300w, https:\/\/i0.wp.com\/cgceducacao.com.br\/wp-content\/uploads\/2022\/05\/baixados-4.jpg?w=313&amp;ssl=1 313w\" sizes=\"auto, (max-width: 300px) 100vw, 300px\" \/><\/p>\n<header>\n<h2><a\n                                    href=\"https:\/\/cgceducacao.com.br\/index.php\/2022\/05\/09\/acao-afirmativa-de-colegio-busca-reduzir-os-estragos-causados-pela-pandemia\/\"\n                                    title=\"A\u00e7\u00e3o afirmativa de col\u00e9gio busca reduzir os estragos causados pela pandemia\">A\u00e7\u00e3o afirmativa de col\u00e9gio busca reduzir os estragos causados pela pandemia<\/a><\/h2>\n<\/header>\n<p>A\u00e7\u00e3o afirmativa de col\u00e9gio busca reduzir os estragos causados pela pandemia O ensino remoto durante a pandemia foi um fracasso&#8230;.<\/p>\n<p><a\n                                        href=\"https:\/\/cgceducacao.com.br\/index.php\/2022\/05\/09\/acao-afirmativa-de-colegio-busca-reduzir-os-estragos-causados-pela-pandemia\/\"\n                                       >Ler mais&#8230;<\/a><br \/>\n                                <time datetime=\"9 de maio de 2022\">9 de maio de 2022<\/time><br \/>\n    <\/article>\n<article data-id=\"10823\">\n            <a href=\"https:\/\/cgceducacao.com.br\/index.php\/2022\/05\/05\/o-que-as-escolas-estao-fazendo-para-incentivar-seus-alunos-a-votar\/\"><\/a><br \/>\n                                <img decoding=\"async\" width=\"300\" height=\"179\" src=\"https:\/\/cgceducacao.com.br\/wp-content\/uploads\/2022\/05\/etitulo-300x179.jpg\" alt=\"\" loading=\"lazy\" srcset=\"https:\/\/i0.wp.com\/cgceducacao.com.br\/wp-content\/uploads\/2022\/05\/etitulo.jpg?resize=300%2C179&amp;ssl=1 300w, https:\/\/i0.wp.com\/cgceducacao.com.br\/wp-content\/uploads\/2022\/05\/etitulo.jpg?resize=1024%2C613&amp;ssl=1 1024w, https:\/\/i0.wp.com\/cgceducacao.com.br\/wp-content\/uploads\/2022\/05\/etitulo.jpg?resize=768%2C459&amp;ssl=1 768w, https:\/\/i0.wp.com\/cgceducacao.com.br\/wp-content\/uploads\/2022\/05\/etitulo.jpg?w=1170&amp;ssl=1 1170w\" sizes=\"auto, (max-width: 300px) 100vw, 300px\" \/><\/p>\n<header>\n<h2><a\n                                    href=\"https:\/\/cgceducacao.com.br\/index.php\/2022\/05\/05\/o-que-as-escolas-estao-fazendo-para-incentivar-seus-alunos-a-votar\/\"\n                                    title=\"\u00a0O que as escolas est\u00e3o fazendo para incentivar seus alunos a votar\">\u00a0O que as escolas est\u00e3o fazendo para incentivar seus alunos a votar<\/a><\/h2>\n<\/header>\n<p>\u00a0O que as escolas est\u00e3o fazendo para incentivar seus alunos a votar Nesta quarta-feira, dia 4 de maio, termina o&#8230;<\/p>\n<p><a\n                                        href=\"https:\/\/cgceducacao.com.br\/index.php\/2022\/05\/05\/o-que-as-escolas-estao-fazendo-para-incentivar-seus-alunos-a-votar\/\"\n                                       >Ler mais&#8230;<\/a><br \/>\n                                <time datetime=\"5 de maio de 2022\">5 de maio de 2022<\/time><br \/>\n    <\/article>\n<article data-id=\"10563\">\n            <a href=\"https:\/\/cgceducacao.com.br\/index.php\/2022\/04\/05\/o-que-se-passa-na-cabeca-dos-adolescentes\/\"><\/a><br \/>\n                                <img decoding=\"async\" width=\"300\" height=\"292\" src=\"https:\/\/cgceducacao.com.br\/wp-content\/uploads\/2022\/04\/jovem-no-celular1-300x292.png\" alt=\"\" loading=\"lazy\" srcset=\"https:\/\/i0.wp.com\/cgceducacao.com.br\/wp-content\/uploads\/2022\/04\/jovem-no-celular1.png?resize=300%2C292&amp;ssl=1 300w, https:\/\/i0.wp.com\/cgceducacao.com.br\/wp-content\/uploads\/2022\/04\/jovem-no-celular1.png?resize=1024%2C997&amp;ssl=1 1024w, https:\/\/i0.wp.com\/cgceducacao.com.br\/wp-content\/uploads\/2022\/04\/jovem-no-celular1.png?resize=768%2C748&amp;ssl=1 768w, https:\/\/i0.wp.com\/cgceducacao.com.br\/wp-content\/uploads\/2022\/04\/jovem-no-celular1.png?resize=1536%2C1496&amp;ssl=1 1536w, https:\/\/i0.wp.com\/cgceducacao.com.br\/wp-content\/uploads\/2022\/04\/jovem-no-celular1.png?w=2000&amp;ssl=1 2000w\" sizes=\"auto, (max-width: 300px) 100vw, 300px\" \/><\/p>\n<header>\n<h2><a\n                                    href=\"https:\/\/cgceducacao.com.br\/index.php\/2022\/04\/05\/o-que-se-passa-na-cabeca-dos-adolescentes\/\"\n                                    title=\"O que se passa na cabe\u00e7a dos adolescentes?\">O que se passa na cabe\u00e7a dos adolescentes?<\/a><\/h2>\n<\/header>\n<p>As m\u00eddias sociais tornam os adolescentes infelizes? Um dos grandes dilemas da modernidade \u00e9 o tempo que as crian\u00e7as passam&#8230;<\/p>\n<p><a\n                                        href=\"https:\/\/cgceducacao.com.br\/index.php\/2022\/04\/05\/o-que-se-passa-na-cabeca-dos-adolescentes\/\"\n                                       >Ler mais&#8230;<\/a><br \/>\n                                <time datetime=\"5 de abril de 2022\">5 de abril de 2022<\/time><br \/>\n    <\/article>\n<article data-id=\"10480\">\n            <a href=\"https:\/\/cgceducacao.com.br\/index.php\/2022\/03\/21\/escola-faz-parceria-com-movimento-de-moradia\/\"><\/a><br \/>\n                                <img decoding=\"async\" width=\"300\" height=\"225\" src=\"https:\/\/cgceducacao.com.br\/wp-content\/uploads\/2022\/03\/bolsa-300x225.png\" alt=\"\" loading=\"lazy\" srcset=\"https:\/\/i0.wp.com\/cgceducacao.com.br\/wp-content\/uploads\/2022\/03\/bolsa.png?resize=300%2C225&amp;ssl=1 300w, https:\/\/i0.wp.com\/cgceducacao.com.br\/wp-content\/uploads\/2022\/03\/bolsa.png?resize=768%2C576&amp;ssl=1 768w, https:\/\/i0.wp.com\/cgceducacao.com.br\/wp-content\/uploads\/2022\/03\/bolsa.png?w=800&amp;ssl=1 800w\" sizes=\"auto, (max-width: 300px) 100vw, 300px\" \/><\/p>\n<header>\n<h2><a\n                                    href=\"https:\/\/cgceducacao.com.br\/index.php\/2022\/03\/21\/escola-faz-parceria-com-movimento-de-moradia\/\"\n                                    title=\"<strong>Escola faz parceria com movimento de moradia,<\/strong>&#8220;><strong>Escola faz parceria com movimento de moradia,<\/strong><\/a><\/h2>\n<\/header>\n<p>Matricula jovens e cria vaquinha para ampliar ajuda O&nbsp;Col\u00e9gio Equipe, no centro de S\u00e3o Paulo, iniciou mais uma a\u00e7\u00e3o na&#8230;<\/p>\n<p><a\n                                        href=\"https:\/\/cgceducacao.com.br\/index.php\/2022\/03\/21\/escola-faz-parceria-com-movimento-de-moradia\/\"\n                                       >Ler mais&#8230;<\/a><br \/>\n                                <time datetime=\"21 de mar\u00e7o de 2022\">21 de mar\u00e7o de 2022<\/time><br \/>\n    <\/article>\n<p>                <button id=\"eael-load-more-btn-3912c11\" data-widget-id=\"3912c11\" data-widget=\"3912c11\" data-page-id=\"356\" data-nonce=\"ec95dba6b8\" data-template=\"{&quot;dir&quot;:&quot;lite&quot;,&quot;file_name&quot;:&quot;default.php&quot;,&quot;name&quot;:&quot;Post-Grid&quot;}\" data-class=\"Essential_Addons_ElementorElementsPost_Grid\" data-layout=\"grid\" data-page=\"1\" data-args=\"orderby=date&amp;order=desc&amp;ignore_sticky_posts=1&amp;post_status=publish&amp;posts_per_page=4&amp;offset=0&amp;post_type=post&amp;tax_query%5B0%5D%5Btaxonomy%5D=category&amp;tax_query%5B0%5D%5Bfield%5D=term_id&amp;tax_query%5B0%5D%5Bterms%5D%5B0%5D=42&amp;tax_query%5Brelation%5D=AND\" data-max-page=\"12\"><br \/>\n                    Carregar Mais&#8230;<br \/>\n                <\/button><\/p>\n<ul>\n<li><a href=\"https:\/\/web.archive.org\/web\/20190110052829\/http:\/\/cgceducacao.com.br\/tag\/avaliar-e-aprender-e-questoes-da-educacao\">Avaliar \/ Aprender \/ Quest\u00f5es da educa\u00e7\u00e3o<\/a><\/li>\n<li><a href=\"https:\/\/web.archive.org\/web\/20190110052829\/http:\/\/cgceducacao.com.br\/tag\/bebes-e-pequenos-e-educacao-infantil\">Beb\u00eas \/ Ber\u00e7ario \/ Educa\u00e7\u00e3o Infantil <\/a><\/li>\n<li><a href=\"https:\/\/web.archive.org\/web\/20190110052829\/http:\/\/cgceducacao.com.br\/tag\/educacao-especial-inclusao-e-preconceito\">Educa\u00e7\u00e3o Especial \/ Inclus\u00e3o \/ Preconceito<\/a><\/li>\n<li><a href=\"https:\/\/web.archive.org\/web\/20190110052829\/http:\/\/cgceducacao.com.br\/tag\/pais-filhos-casa-e-escola\">Pais \/ Filhos \/ Casa \/ Escola <\/a><\/li>\n<li><a href=\"https:\/\/web.archive.org\/web\/20190110052829\/http:\/\/cgceducacao.com.br\/tag\/ler-escrever-produzir\">Ler \/ Escrever \/ Produzir<\/a><\/li>\n<li><a href=\"https:\/\/web.archive.org\/web\/20190110052829\/http:\/\/cgceducacao.com.br\/tag\/publico-privado-parcerias\">P\u00fablico \/ Privado \/ Parcerias<\/a><\/li>\n<li><a href=\"https:\/\/web.archive.org\/web\/20190110052829\/http:\/\/cgceducacao.com.br\/tag\/projetos-propostas-escolhas\">Projetos \/ Propostas \/ Escolhas<\/a><\/li>\n<li><a href=\"https:\/\/web.archive.org\/web\/20190110052829\/http:\/\/cgceducacao.com.br\/tag\/ciencia-tecnologia-avancos\">Ci\u00eancia \/ Tecnologia \/ Avan\u00e7os<\/a><\/li>\n<li><a href=\"https:\/\/web.archive.org\/web\/20190110052829\/http:\/\/cgceducacao.com.br\/tag\/cultura-artes\">Cultura \/ Artes<\/a><\/li>\n<li><a href=\"https:\/\/web.archive.org\/web\/20190110052829\/http:\/\/cgceducacao.com.br\/tag\/esportes-radicais\">Esportes \/ Radicais<\/a><\/li>\n<\/ul>\n<ul>\n<li><a href=\"https:\/\/web.archive.org\/web\/20190110052829\/http:\/\/cgceducacao.com.br\/tag\/midias-e-meios\">M\u00eddias \/ Meios<\/a><\/li>\n<li><a href=\"https:\/\/web.archive.org\/web\/20190110052829\/http:\/\/cgceducacao.com.br\/tag\/vestibular-e-profissao\">Vestibular \/ Profiss\u00e3o<\/a><\/li>\n<li><a href=\"https:\/\/web.archive.org\/web\/20190110052829\/http:\/\/cgceducacao.com.br\/tag\/cidadania-e-meio-ambiente\">Cidadania \/ Meio Ambiente <\/a><\/li>\n<li><a href=\"https:\/\/web.archive.org\/web\/20190110052829\/http:\/\/cgceducacao.com.br\/tag\/comportamento\">Comportamento<\/a><\/li>\n<li><a href=\"https:\/\/web.archive.org\/web\/20190110052829\/http:\/\/cgceducacao.com.br\/tag\/idiomas-intercambios\">Idiomas \/ Interc\u00e2mbios<\/a><\/li>\n<li><a href=\"https:\/\/web.archive.org\/web\/20190110052829\/http:\/\/cgceducacao.com.br\/tag\/violencia-drogas-e-prevencao\">Viol\u00eancia \/ Drogas \/ Preven\u00e7\u00e3o<\/a><\/li>\n<li><a href=\"https:\/\/web.archive.org\/web\/20190110052829\/http:\/\/cgceducacao.com.br\/tag\/sexualidade-e-limites\">Sexualidade \/ Limites<\/a><\/li>\n<li><a href=\"https:\/\/web.archive.org\/web\/20190110052829\/http:\/\/cgceducacao.com.br\/tag\/saude-e-nutricao\">Sa\u00fade \/ Nutri\u00e7\u00e3o<\/a><\/li>\n<li><a href=\"https:\/\/web.archive.org\/web\/20190110052829\/http:\/\/cgceducacao.com.br\/tag\/politica-economia\">Pol\u00edtica \/ Economia<\/a><\/li>\n<\/ul>\n","protected":false},"excerpt":{"rendered":"<p>BOAS PAUTAS Temas instigantes, habilitados e adicionados para adicionar ou inspirar a sua reportagem sobre educa\u00e7\u00e3o. \u00c9 isso o que voc\u00ea, jornalista, encontra aqui. Catalogamos e classificamos essas sugest\u00f5es de&hellip; <\/p>\n","protected":false},"author":1,"featured_media":123,"parent":0,"menu_order":0,"comment_status":"closed","ping_status":"closed","template":"","meta":{"footnotes":""},"class_list":["post-356","page","type-page","status-publish","has-post-thumbnail","hentry"],"yoast_head":"<!-- This site is optimized with the Yoast SEO plugin v27.4 - https:\/\/yoast.com\/product\/yoast-seo-wordpress\/ -->\n<title>BOAS PAUTAS - CGC<\/title>\n<meta name=\"description\" content=\"Boas pautas para voc\u00ea jornalista se inspirar, com a confian\u00e7a e dedica\u00e7\u00e3o que s\u00f3 uma assessoria como a CGC Educa\u00e7\u00e3o pode ter\" \/>\n<meta name=\"robots\" content=\"index, follow, max-snippet:-1, max-image-preview:large, max-video-preview:-1\" \/>\n<link rel=\"canonical\" href=\"https:\/\/cgceducacao.com.br\/index.php\/boas-pautas\/\" \/>\n<meta property=\"og:locale\" content=\"pt_BR\" \/>\n<meta property=\"og:type\" content=\"article\" \/>\n<meta property=\"og:title\" content=\"BOAS PAUTAS - CGC\" \/>\n<meta property=\"og:description\" content=\"Boas pautas para voc\u00ea jornalista se inspirar, com a confian\u00e7a e dedica\u00e7\u00e3o que s\u00f3 uma assessoria como a CGC Educa\u00e7\u00e3o pode ter\" \/>\n<meta property=\"og:url\" content=\"https:\/\/cgceducacao.com.br\/index.php\/boas-pautas\/\" \/>\n<meta property=\"og:site_name\" content=\"CGC\" \/>\n<meta property=\"article:publisher\" content=\"https:\/\/www.facebook.com\/cgceducacao\/?locale=pt_BR\" \/>\n<meta property=\"article:modified_time\" content=\"2022-05-12T19:31:35+00:00\" \/>\n<meta property=\"og:image\" content=\"https:\/\/i0.wp.com\/cgceducacao.com.br\/wp-content\/uploads\/2020\/04\/logo2-1.png?fit=512%2C512&ssl=1\" \/>\n\t<meta property=\"og:image:width\" content=\"512\" \/>\n\t<meta property=\"og:image:height\" content=\"512\" \/>\n\t<meta property=\"og:image:type\" content=\"image\/png\" \/>\n<meta name=\"twitter:card\" content=\"summary_large_image\" \/>\n<meta name=\"twitter:site\" content=\"@cgceducacao\" \/>\n<meta name=\"twitter:label1\" content=\"Est. tempo de leitura\" \/>\n\t<meta name=\"twitter:data1\" content=\"2 minutos\" \/>\n<script type=\"application\/ld+json\" class=\"yoast-schema-graph\">{\"@context\":\"https:\\\/\\\/schema.org\",\"@graph\":[{\"@type\":\"WebPage\",\"@id\":\"https:\\\/\\\/cgceducacao.com.br\\\/index.php\\\/boas-pautas\\\/\",\"url\":\"https:\\\/\\\/cgceducacao.com.br\\\/index.php\\\/boas-pautas\\\/\",\"name\":\"BOAS PAUTAS - CGC\",\"isPartOf\":{\"@id\":\"https:\\\/\\\/cgceducacao.com.br\\\/#website\"},\"primaryImageOfPage\":{\"@id\":\"https:\\\/\\\/cgceducacao.com.br\\\/index.php\\\/boas-pautas\\\/#primaryimage\"},\"image\":{\"@id\":\"https:\\\/\\\/cgceducacao.com.br\\\/index.php\\\/boas-pautas\\\/#primaryimage\"},\"thumbnailUrl\":\"https:\\\/\\\/cgceducacao.com.br\\\/wp-content\\\/uploads\\\/2020\\\/04\\\/logo2-1.png\",\"datePublished\":\"2020-05-15T01:16:44+00:00\",\"dateModified\":\"2022-05-12T19:31:35+00:00\",\"description\":\"Boas pautas para voc\u00ea jornalista se inspirar, com a confian\u00e7a e dedica\u00e7\u00e3o que s\u00f3 uma assessoria como a CGC Educa\u00e7\u00e3o pode ter\",\"breadcrumb\":{\"@id\":\"https:\\\/\\\/cgceducacao.com.br\\\/index.php\\\/boas-pautas\\\/#breadcrumb\"},\"inLanguage\":\"pt-BR\",\"potentialAction\":[{\"@type\":\"ReadAction\",\"target\":[\"https:\\\/\\\/cgceducacao.com.br\\\/index.php\\\/boas-pautas\\\/\"]}]},{\"@type\":\"ImageObject\",\"inLanguage\":\"pt-BR\",\"@id\":\"https:\\\/\\\/cgceducacao.com.br\\\/index.php\\\/boas-pautas\\\/#primaryimage\",\"url\":\"https:\\\/\\\/cgceducacao.com.br\\\/wp-content\\\/uploads\\\/2020\\\/04\\\/logo2-1.png\",\"contentUrl\":\"https:\\\/\\\/cgceducacao.com.br\\\/wp-content\\\/uploads\\\/2020\\\/04\\\/logo2-1.png\",\"width\":512,\"height\":512},{\"@type\":\"BreadcrumbList\",\"@id\":\"https:\\\/\\\/cgceducacao.com.br\\\/index.php\\\/boas-pautas\\\/#breadcrumb\",\"itemListElement\":[{\"@type\":\"ListItem\",\"position\":1,\"name\":\"In\u00edcio\",\"item\":\"https:\\\/\\\/cgceducacao.com.br\\\/\"},{\"@type\":\"ListItem\",\"position\":2,\"name\":\"BOAS PAUTAS\"}]},{\"@type\":\"WebSite\",\"@id\":\"https:\\\/\\\/cgceducacao.com.br\\\/#website\",\"url\":\"https:\\\/\\\/cgceducacao.com.br\\\/\",\"name\":\"CGC\",\"description\":\"Comunica\u00e7\u00e3o em Educa\u00e7\u00e3o\",\"publisher\":{\"@id\":\"https:\\\/\\\/cgceducacao.com.br\\\/#organization\"},\"potentialAction\":[{\"@type\":\"SearchAction\",\"target\":{\"@type\":\"EntryPoint\",\"urlTemplate\":\"https:\\\/\\\/cgceducacao.com.br\\\/?s={search_term_string}\"},\"query-input\":{\"@type\":\"PropertyValueSpecification\",\"valueRequired\":true,\"valueName\":\"search_term_string\"}}],\"inLanguage\":\"pt-BR\"},{\"@type\":\"Organization\",\"@id\":\"https:\\\/\\\/cgceducacao.com.br\\\/#organization\",\"name\":\"CGC EDUCA\u00c7\u00c3O\",\"url\":\"https:\\\/\\\/cgceducacao.com.br\\\/\",\"logo\":{\"@type\":\"ImageObject\",\"inLanguage\":\"pt-BR\",\"@id\":\"https:\\\/\\\/cgceducacao.com.br\\\/#\\\/schema\\\/logo\\\/image\\\/\",\"url\":\"https:\\\/\\\/cgceducacao.com.br\\\/wp-content\\\/uploads\\\/2022\\\/04\\\/LOGO-CGC.jpg\",\"contentUrl\":\"https:\\\/\\\/cgceducacao.com.br\\\/wp-content\\\/uploads\\\/2022\\\/04\\\/LOGO-CGC.jpg\",\"width\":200,\"height\":200,\"caption\":\"CGC EDUCA\u00c7\u00c3O\"},\"image\":{\"@id\":\"https:\\\/\\\/cgceducacao.com.br\\\/#\\\/schema\\\/logo\\\/image\\\/\"},\"sameAs\":[\"https:\\\/\\\/www.facebook.com\\\/cgceducacao\\\/?locale=pt_BR\",\"https:\\\/\\\/x.com\\\/cgceducacao\",\"https:\\\/\\\/www.instagram.com\\\/cgceducacao\\\/\",\"https:\\\/\\\/www.linkedin.com\\\/company\\\/cgc-educacao?originalSubdomain=br\",\"https:\\\/\\\/www.youtube.com\\\/@CGCComunicacaoemEducacao\"]}]}<\/script>\n<!-- \/ Yoast SEO plugin. -->","yoast_head_json":{"title":"BOAS PAUTAS - CGC","description":"Boas pautas para voc\u00ea jornalista se inspirar, com a confian\u00e7a e dedica\u00e7\u00e3o que s\u00f3 uma assessoria como a CGC Educa\u00e7\u00e3o pode ter","robots":{"index":"index","follow":"follow","max-snippet":"max-snippet:-1","max-image-preview":"max-image-preview:large","max-video-preview":"max-video-preview:-1"},"canonical":"https:\/\/cgceducacao.com.br\/index.php\/boas-pautas\/","og_locale":"pt_BR","og_type":"article","og_title":"BOAS PAUTAS - CGC","og_description":"Boas pautas para voc\u00ea jornalista se inspirar, com a confian\u00e7a e dedica\u00e7\u00e3o que s\u00f3 uma assessoria como a CGC Educa\u00e7\u00e3o pode ter","og_url":"https:\/\/cgceducacao.com.br\/index.php\/boas-pautas\/","og_site_name":"CGC","article_publisher":"https:\/\/www.facebook.com\/cgceducacao\/?locale=pt_BR","article_modified_time":"2022-05-12T19:31:35+00:00","og_image":[{"width":512,"height":512,"url":"https:\/\/i0.wp.com\/cgceducacao.com.br\/wp-content\/uploads\/2020\/04\/logo2-1.png?fit=512%2C512&ssl=1","type":"image\/png"}],"twitter_card":"summary_large_image","twitter_site":"@cgceducacao","twitter_misc":{"Est. tempo de leitura":"2 minutos"},"schema":{"@context":"https:\/\/schema.org","@graph":[{"@type":"WebPage","@id":"https:\/\/cgceducacao.com.br\/index.php\/boas-pautas\/","url":"https:\/\/cgceducacao.com.br\/index.php\/boas-pautas\/","name":"BOAS PAUTAS - CGC","isPartOf":{"@id":"https:\/\/cgceducacao.com.br\/#website"},"primaryImageOfPage":{"@id":"https:\/\/cgceducacao.com.br\/index.php\/boas-pautas\/#primaryimage"},"image":{"@id":"https:\/\/cgceducacao.com.br\/index.php\/boas-pautas\/#primaryimage"},"thumbnailUrl":"https:\/\/cgceducacao.com.br\/wp-content\/uploads\/2020\/04\/logo2-1.png","datePublished":"2020-05-15T01:16:44+00:00","dateModified":"2022-05-12T19:31:35+00:00","description":"Boas pautas para voc\u00ea jornalista se inspirar, com a confian\u00e7a e dedica\u00e7\u00e3o que s\u00f3 uma assessoria como a CGC Educa\u00e7\u00e3o pode ter","breadcrumb":{"@id":"https:\/\/cgceducacao.com.br\/index.php\/boas-pautas\/#breadcrumb"},"inLanguage":"pt-BR","potentialAction":[{"@type":"ReadAction","target":["https:\/\/cgceducacao.com.br\/index.php\/boas-pautas\/"]}]},{"@type":"ImageObject","inLanguage":"pt-BR","@id":"https:\/\/cgceducacao.com.br\/index.php\/boas-pautas\/#primaryimage","url":"https:\/\/cgceducacao.com.br\/wp-content\/uploads\/2020\/04\/logo2-1.png","contentUrl":"https:\/\/cgceducacao.com.br\/wp-content\/uploads\/2020\/04\/logo2-1.png","width":512,"height":512},{"@type":"BreadcrumbList","@id":"https:\/\/cgceducacao.com.br\/index.php\/boas-pautas\/#breadcrumb","itemListElement":[{"@type":"ListItem","position":1,"name":"In\u00edcio","item":"https:\/\/cgceducacao.com.br\/"},{"@type":"ListItem","position":2,"name":"BOAS PAUTAS"}]},{"@type":"WebSite","@id":"https:\/\/cgceducacao.com.br\/#website","url":"https:\/\/cgceducacao.com.br\/","name":"CGC","description":"Comunica\u00e7\u00e3o em Educa\u00e7\u00e3o","publisher":{"@id":"https:\/\/cgceducacao.com.br\/#organization"},"potentialAction":[{"@type":"SearchAction","target":{"@type":"EntryPoint","urlTemplate":"https:\/\/cgceducacao.com.br\/?s={search_term_string}"},"query-input":{"@type":"PropertyValueSpecification","valueRequired":true,"valueName":"search_term_string"}}],"inLanguage":"pt-BR"},{"@type":"Organization","@id":"https:\/\/cgceducacao.com.br\/#organization","name":"CGC EDUCA\u00c7\u00c3O","url":"https:\/\/cgceducacao.com.br\/","logo":{"@type":"ImageObject","inLanguage":"pt-BR","@id":"https:\/\/cgceducacao.com.br\/#\/schema\/logo\/image\/","url":"https:\/\/cgceducacao.com.br\/wp-content\/uploads\/2022\/04\/LOGO-CGC.jpg","contentUrl":"https:\/\/cgceducacao.com.br\/wp-content\/uploads\/2022\/04\/LOGO-CGC.jpg","width":200,"height":200,"caption":"CGC EDUCA\u00c7\u00c3O"},"image":{"@id":"https:\/\/cgceducacao.com.br\/#\/schema\/logo\/image\/"},"sameAs":["https:\/\/www.facebook.com\/cgceducacao\/?locale=pt_BR","https:\/\/x.com\/cgceducacao","https:\/\/www.instagram.com\/cgceducacao\/","https:\/\/www.linkedin.com\/company\/cgc-educacao?originalSubdomain=br","https:\/\/www.youtube.com\/@CGCComunicacaoemEducacao"]}]}},"_links":{"self":[{"href":"https:\/\/cgceducacao.com.br\/index.php\/wp-json\/wp\/v2\/pages\/356","targetHints":{"allow":["GET"]}}],"collection":[{"href":"https:\/\/cgceducacao.com.br\/index.php\/wp-json\/wp\/v2\/pages"}],"about":[{"href":"https:\/\/cgceducacao.com.br\/index.php\/wp-json\/wp\/v2\/types\/page"}],"author":[{"embeddable":true,"href":"https:\/\/cgceducacao.com.br\/index.php\/wp-json\/wp\/v2\/users\/1"}],"replies":[{"embeddable":true,"href":"https:\/\/cgceducacao.com.br\/index.php\/wp-json\/wp\/v2\/comments?post=356"}],"version-history":[{"count":13,"href":"https:\/\/cgceducacao.com.br\/index.php\/wp-json\/wp\/v2\/pages\/356\/revisions"}],"predecessor-version":[{"id":10940,"href":"https:\/\/cgceducacao.com.br\/index.php\/wp-json\/wp\/v2\/pages\/356\/revisions\/10940"}],"wp:featuredmedia":[{"embeddable":true,"href":"https:\/\/cgceducacao.com.br\/index.php\/wp-json\/wp\/v2\/media\/123"}],"wp:attachment":[{"href":"https:\/\/cgceducacao.com.br\/index.php\/wp-json\/wp\/v2\/media?parent=356"}],"curies":[{"name":"wp","href":"https:\/\/api.w.org\/{rel}","templated":true}]}}